{"id":1223,"date":"2025-03-06T17:46:35","date_gmt":"2025-03-06T16:46:35","guid":{"rendered":"https:\/\/www.germark.com\/proteccion-datos\/"},"modified":"2025-04-09T09:00:23","modified_gmt":"2025-04-09T07:00:23","slug":"proteccio-de-dades","status":"publish","type":"page","link":"https:\/\/www.germark.com\/ca\/proteccio-de-dades\/","title":{"rendered":"Protecci\u00f3 de dades"},"content":{"rendered":"\n<p>GERMARK, S.A. compleix amb les directrius de la Llei Org\u00e0nica 15\/1999, de 13 de desembre, de Protecci\u00f3 de Dades de Car\u00e0cter Personal, el Reial decret 1720\/2007, de 21 de desembre, pel qual s&#8217;aprova el Reglament de desenvolupament de la Llei Org\u00e0nica i la resta de normativa vigent en cada moment, i vetlla per garantir un \u00fas i tractament correcte de les dades personals de l&#8217;usuari. A tal efecte, juntament amb cada formulari de recollida de dades de car\u00e0cter personal, en els serveis que l&#8217;usuari pugui sol\u00b7licitar a <em>protected email<\/em>, informar\u00e0 l&#8217;usuari sobre l&#8217;exist\u00e8ncia i l&#8217;acceptaci\u00f3 de les condicions particulars del tractament de les seves dades en cada cas, informant-lo sobre la responsabilitat del fitxer creat, l&#8217;adre\u00e7a de la persona responsable, la possibilitat d&#8217;exercir els seus drets d&#8217;acc\u00e9s, rectificaci\u00f3, cancel\u00b7laci\u00f3 o oposici\u00f3, la finalitat del tractament i les comunicacions de dades a tercers, si escau.<\/p>\n\n\n\n<p>Aix\u00ed mateix, GERMARK, S.A. informa que compleix amb la Llei 34\/2002, de 11 de juliol, de Serveis de la Societat de la Informaci\u00f3 i Comer\u00e7 Electr\u00f2nic i sol\u00b7licitar\u00e0 el seu consentiment per al tractament del seu correu electr\u00f2nic amb finalitats comercials en cada moment.<\/p>\n","protected":false},"excerpt":{"rendered":"<p>GERMARK, S.A. compleix amb les directrius de la Llei Org\u00e0nica 15\/1999, de 13 de desembre, de Protecci\u00f3 de Dades de Car\u00e0cter Personal, el Reial decret 1720\/2007, de 21 de desembre, pel qual s&#8217;aprova el Reglament de desenvolupament de la Llei Org\u00e0nica i la resta de normativa vigent en cada moment, i vetlla per garantir un&#8230;<\/p>\n","protected":false},"author":3,"featured_media":0,"parent":0,"menu_order":0,"comment_status":"closed","ping_status":"closed","template":"pages\/page-legal.php","meta":{"_acf_changed":false,"inline_featured_image":false,"footnotes":""},"class_list":["post-1223","page","type-page","status-publish","hentry"],"acf":[],"yoast_head":"<!-- This site is optimized with the Yoast SEO plugin v27.5 - https:\/\/yoast.com\/product\/yoast-seo-wordpress\/ -->\n<title>Protecci\u00f3 de dades - Germark<\/title>\n<meta name=\"robots\" content=\"index, follow, max-snippet:-1, max-image-preview:large, max-video-preview:-1\" \/>\n<link rel=\"canonical\" href=\"https:\/\/www.germark.com\/ca\/proteccio-de-dades\/\" \/>\n<meta property=\"og:locale\" content=\"ca_ES\" \/>\n<meta property=\"og:type\" content=\"article\" \/>\n<meta property=\"og:title\" content=\"Protecci\u00f3 de dades - Germark\" \/>\n<meta property=\"og:description\" content=\"GERMARK, S.A. compleix amb les directrius de la Llei Org\u00e0nica 15\/1999, de 13 de desembre, de Protecci\u00f3 de Dades de Car\u00e0cter Personal, el Reial decret 1720\/2007, de 21 de desembre, pel qual s&#8217;aprova el Reglament de desenvolupament de la Llei Org\u00e0nica i la resta de normativa vigent en cada moment, i vetlla per garantir un...\" \/>\n<meta property=\"og:url\" content=\"https:\/\/www.germark.com\/ca\/proteccio-de-dades\/\" \/>\n<meta property=\"og:site_name\" content=\"Germark\" \/>\n<meta property=\"article:modified_time\" content=\"2025-04-09T07:00:23+00:00\" \/>\n<meta name=\"twitter:card\" content=\"summary_large_image\" \/>\n<meta name=\"twitter:label1\" content=\"Temps estimat de lectura\" \/>\n\t<meta name=\"twitter:data1\" content=\"1 minut\" \/>\n<script type=\"application\/ld+json\" class=\"yoast-schema-graph\">{\"@context\":\"https:\\\/\\\/schema.org\",\"@graph\":[{\"@type\":\"WebPage\",\"@id\":\"https:\\\/\\\/www.germark.com\\\/ca\\\/proteccio-de-dades\\\/\",\"url\":\"https:\\\/\\\/www.germark.com\\\/ca\\\/proteccio-de-dades\\\/\",\"name\":\"Protecci\u00f3 de dades - Germark\",\"isPartOf\":{\"@id\":\"https:\\\/\\\/www.germark.com\\\/ca\\\/#website\"},\"datePublished\":\"2025-03-06T16:46:35+00:00\",\"dateModified\":\"2025-04-09T07:00:23+00:00\",\"breadcrumb\":{\"@id\":\"https:\\\/\\\/www.germark.com\\\/ca\\\/proteccio-de-dades\\\/#breadcrumb\"},\"inLanguage\":\"ca\",\"potentialAction\":[{\"@type\":\"ReadAction\",\"target\":[\"https:\\\/\\\/www.germark.com\\\/ca\\\/proteccio-de-dades\\\/\"]}]},{\"@type\":\"BreadcrumbList\",\"@id\":\"https:\\\/\\\/www.germark.com\\\/ca\\\/proteccio-de-dades\\\/#breadcrumb\",\"itemListElement\":[{\"@type\":\"ListItem\",\"position\":1,\"name\":\"Portada\",\"item\":\"https:\\\/\\\/www.germark.com\\\/ca\\\/\"},{\"@type\":\"ListItem\",\"position\":2,\"name\":\"Protecci\u00f3 de dades\"}]},{\"@type\":\"WebSite\",\"@id\":\"https:\\\/\\\/www.germark.com\\\/ca\\\/#website\",\"url\":\"https:\\\/\\\/www.germark.com\\\/ca\\\/\",\"name\":\"Germark\",\"description\":\"The art of labeling\",\"publisher\":{\"@id\":\"https:\\\/\\\/www.germark.com\\\/ca\\\/#organization\"},\"potentialAction\":[{\"@type\":\"SearchAction\",\"target\":{\"@type\":\"EntryPoint\",\"urlTemplate\":\"https:\\\/\\\/www.germark.com\\\/ca\\\/?s={search_term_string}\"},\"query-input\":{\"@type\":\"PropertyValueSpecification\",\"valueRequired\":true,\"valueName\":\"search_term_string\"}}],\"inLanguage\":\"ca\"},{\"@type\":\"Organization\",\"@id\":\"https:\\\/\\\/www.germark.com\\\/ca\\\/#organization\",\"name\":\"Germark\",\"url\":\"https:\\\/\\\/www.germark.com\\\/ca\\\/\",\"logo\":{\"@type\":\"ImageObject\",\"inLanguage\":\"ca\",\"@id\":\"https:\\\/\\\/www.germark.com\\\/ca\\\/#\\\/schema\\\/logo\\\/image\\\/\",\"url\":\"https:\\\/\\\/www.germark.com\\\/wp-content\\\/uploads\\\/2025\\\/01\\\/admin-logo.svg\",\"contentUrl\":\"https:\\\/\\\/www.germark.com\\\/wp-content\\\/uploads\\\/2025\\\/01\\\/admin-logo.svg\",\"width\":320,\"height\":84,\"caption\":\"Germark\"},\"image\":{\"@id\":\"https:\\\/\\\/www.germark.com\\\/ca\\\/#\\\/schema\\\/logo\\\/image\\\/\"},\"sameAs\":[\"https:\\\/\\\/www.instagram.com\\\/germark_labels\\\/\",\"https:\\\/\\\/es.linkedin.com\\\/company\\\/germark\",\"https:\\\/\\\/www.youtube.com\\\/c\\\/germark\"]}]}<\/script>\n<!-- \/ Yoast SEO plugin. -->","yoast_head_json":{"title":"Protecci\u00f3 de dades - Germark","robots":{"index":"index","follow":"follow","max-snippet":"max-snippet:-1","max-image-preview":"max-image-preview:large","max-video-preview":"max-video-preview:-1"},"canonical":"https:\/\/www.germark.com\/ca\/proteccio-de-dades\/","og_locale":"ca_ES","og_type":"article","og_title":"Protecci\u00f3 de dades - Germark","og_description":"GERMARK, S.A. compleix amb les directrius de la Llei Org\u00e0nica 15\/1999, de 13 de desembre, de Protecci\u00f3 de Dades de Car\u00e0cter Personal, el Reial decret 1720\/2007, de 21 de desembre, pel qual s&#8217;aprova el Reglament de desenvolupament de la Llei Org\u00e0nica i la resta de normativa vigent en cada moment, i vetlla per garantir un...","og_url":"https:\/\/www.germark.com\/ca\/proteccio-de-dades\/","og_site_name":"Germark","article_modified_time":"2025-04-09T07:00:23+00:00","twitter_card":"summary_large_image","twitter_misc":{"Temps estimat de lectura":"1 minut"},"schema":{"@context":"https:\/\/schema.org","@graph":[{"@type":"WebPage","@id":"https:\/\/www.germark.com\/ca\/proteccio-de-dades\/","url":"https:\/\/www.germark.com\/ca\/proteccio-de-dades\/","name":"Protecci\u00f3 de dades - Germark","isPartOf":{"@id":"https:\/\/www.germark.com\/ca\/#website"},"datePublished":"2025-03-06T16:46:35+00:00","dateModified":"2025-04-09T07:00:23+00:00","breadcrumb":{"@id":"https:\/\/www.germark.com\/ca\/proteccio-de-dades\/#breadcrumb"},"inLanguage":"ca","potentialAction":[{"@type":"ReadAction","target":["https:\/\/www.germark.com\/ca\/proteccio-de-dades\/"]}]},{"@type":"BreadcrumbList","@id":"https:\/\/www.germark.com\/ca\/proteccio-de-dades\/#breadcrumb","itemListElement":[{"@type":"ListItem","position":1,"name":"Portada","item":"https:\/\/www.germark.com\/ca\/"},{"@type":"ListItem","position":2,"name":"Protecci\u00f3 de dades"}]},{"@type":"WebSite","@id":"https:\/\/www.germark.com\/ca\/#website","url":"https:\/\/www.germark.com\/ca\/","name":"Germark","description":"The art of labeling","publisher":{"@id":"https:\/\/www.germark.com\/ca\/#organization"},"potentialAction":[{"@type":"SearchAction","target":{"@type":"EntryPoint","urlTemplate":"https:\/\/www.germark.com\/ca\/?s={search_term_string}"},"query-input":{"@type":"PropertyValueSpecification","valueRequired":true,"valueName":"search_term_string"}}],"inLanguage":"ca"},{"@type":"Organization","@id":"https:\/\/www.germark.com\/ca\/#organization","name":"Germark","url":"https:\/\/www.germark.com\/ca\/","logo":{"@type":"ImageObject","inLanguage":"ca","@id":"https:\/\/www.germark.com\/ca\/#\/schema\/logo\/image\/","url":"https:\/\/www.germark.com\/wp-content\/uploads\/2025\/01\/admin-logo.svg","contentUrl":"https:\/\/www.germark.com\/wp-content\/uploads\/2025\/01\/admin-logo.svg","width":320,"height":84,"caption":"Germark"},"image":{"@id":"https:\/\/www.germark.com\/ca\/#\/schema\/logo\/image\/"},"sameAs":["https:\/\/www.instagram.com\/germark_labels\/","https:\/\/es.linkedin.com\/company\/germark","https:\/\/www.youtube.com\/c\/germark"]}]}},"_links":{"self":[{"href":"https:\/\/www.germark.com\/ca\/wp-json\/wp\/v2\/pages\/1223","targetHints":{"allow":["GET"]}}],"collection":[{"href":"https:\/\/www.germark.com\/ca\/wp-json\/wp\/v2\/pages"}],"about":[{"href":"https:\/\/www.germark.com\/ca\/wp-json\/wp\/v2\/types\/page"}],"author":[{"embeddable":true,"href":"https:\/\/www.germark.com\/ca\/wp-json\/wp\/v2\/users\/3"}],"replies":[{"embeddable":true,"href":"https:\/\/www.germark.com\/ca\/wp-json\/wp\/v2\/comments?post=1223"}],"version-history":[{"count":2,"href":"https:\/\/www.germark.com\/ca\/wp-json\/wp\/v2\/pages\/1223\/revisions"}],"predecessor-version":[{"id":1551,"href":"https:\/\/www.germark.com\/ca\/wp-json\/wp\/v2\/pages\/1223\/revisions\/1551"}],"wp:attachment":[{"href":"https:\/\/www.germark.com\/ca\/wp-json\/wp\/v2\/media?parent=1223"}],"curies":[{"name":"wp","href":"https:\/\/api.w.org\/{rel}","templated":true}]}}

Protecció de dades

<p>GERMARK, S.A. compleix amb les directrius de la Llei Orgànica 15/1999, de 13 de desembre, de Protecció de Dades de Caràcter Personal, el Reial decret 1720/2007, de 21 de desembre, pel qual s&#8217;aprova el Reglament de desenvolupament de la Llei Orgànica i la resta de normativa vigent en cada moment, i vetlla per garantir un ús i tractament correcte de les dades personals de l&#8217;usuari. A tal efecte, juntament amb cada formulari de recollida de dades de caràcter personal, en els serveis que l&#8217;usuari pugui sol·licitar a <em>protected email</em>, informarà l&#8217;usuari sobre l&#8217;existència i l&#8217;acceptació de les condicions particulars del tractament de les seves dades en cada cas, informant-lo sobre la responsabilitat del fitxer creat, l&#8217;adreça de la persona responsable, la possibilitat d&#8217;exercir els seus drets d&#8217;accés, rectificació, cancel·lació o oposició, la finalitat del tractament i les comunicacions de dades a tercers, si escau.</p>



<p>Així mateix, GERMARK, S.A. informa que compleix amb la Llei 34/2002, de 11 de juliol, de Serveis de la Societat de la Informació i Comerç Electrònic i sol·licitarà el seu consentiment per al tractament del seu correu electrònic amb finalitats comercials en cada moment.</p>

<p>GERMARK, S.A. compleix amb les directrius de la Llei Orgànica 15/1999, de 13 de desembre, de Protecció de Dades de Caràcter Personal, el Reial decret 1720/2007, de 21 de desembre, pel qual s&#8217;aprova el Reglament de desenvolupament de la Llei Orgànica i la resta de normativa vigent en cada moment, i vetlla per garantir un&#8230;</p>

<!-- This site is optimized with the Yoast SEO plugin v27.5 - https://yoast.com/product/yoast-seo-wordpress/ -->
<title>Protecció de dades - Germark</title>
<meta name="robots" content="index, follow, max-snippet:-1, max-image-preview:large, max-video-preview:-1" />
<link rel="canonical" href="https://www.germark.com/ca/proteccio-de-dades/" />
<meta property="og:locale" content="ca_ES" />
<meta property="og:type" content="article" />
<meta property="og:title" content="Protecció de dades - Germark" />
<meta property="og:description" content="GERMARK, S.A. compleix amb les directrius de la Llei Orgànica 15/1999, de 13 de desembre, de Protecció de Dades de Caràcter Personal, el Reial decret 1720/2007, de 21 de desembre, pel qual s&#8217;aprova el Reglament de desenvolupament de la Llei Orgànica i la resta de normativa vigent en cada moment, i vetlla per garantir un..." />
<meta property="og:url" content="https://www.germark.com/ca/proteccio-de-dades/" />
<meta property="og:site_name" content="Germark" />
<meta property="article:modified_time" content="2025-04-09T07:00:23+00:00" />
<meta name="twitter:card" content="summary_large_image" />
<meta name="twitter:label1" content="Temps estimat de lectura" />
	<meta name="twitter:data1" content="1 minut" />
<script type="application/ld+json" class="yoast-schema-graph">{"@context":"https:\/\/schema.org","@graph":[{"@type":"WebPage","@id":"https:\/\/www.germark.com\/ca\/proteccio-de-dades\/","url":"https:\/\/www.germark.com\/ca\/proteccio-de-dades\/","name":"Protecció de dades - Germark","isPartOf":{"@id":"https:\/\/www.germark.com\/ca\/#website"},"datePublished":"2025-03-06T16:46:35+00:00","dateModified":"2025-04-09T07:00:23+00:00","breadcrumb":{"@id":"https:\/\/www.germark.com\/ca\/proteccio-de-dades\/#breadcrumb"},"inLanguage":"ca","potentialAction":[{"@type":"ReadAction","target":["https:\/\/www.germark.com\/ca\/proteccio-de-dades\/"]}]},{"@type":"BreadcrumbList","@id":"https:\/\/www.germark.com\/ca\/proteccio-de-dades\/#breadcrumb","itemListElement":[{"@type":"ListItem","position":1,"name":"Portada","item":"https:\/\/www.germark.com\/ca\/"},{"@type":"ListItem","position":2,"name":"Protecció de dades"}]},{"@type":"WebSite","@id":"https:\/\/www.germark.com\/ca\/#website","url":"https:\/\/www.germark.com\/ca\/","name":"Germark","description":"The art of labeling","publisher":{"@id":"https:\/\/www.germark.com\/ca\/#organization"},"potentialAction":[{"@type":"SearchAction","target":{"@type":"EntryPoint","urlTemplate":"https:\/\/www.germark.com\/ca\/?s={search_term_string}"},"query-input":{"@type":"PropertyValueSpecification","valueRequired":true,"valueName":"search_term_string"}}],"inLanguage":"ca"},{"@type":"Organization","@id":"https:\/\/www.germark.com\/ca\/#organization","name":"Germark","url":"https:\/\/www.germark.com\/ca\/","logo":{"@type":"ImageObject","inLanguage":"ca","@id":"https:\/\/www.germark.com\/ca\/#\/schema\/logo\/image\/","url":"https:\/\/www.germark.com\/wp-content\/uploads\/2025\/01\/admin-logo.svg","contentUrl":"https:\/\/www.germark.com\/wp-content\/uploads\/2025\/01\/admin-logo.svg","width":320,"height":84,"caption":"Germark"},"image":{"@id":"https:\/\/www.germark.com\/ca\/#\/schema\/logo\/image\/"},"sameAs":["https:\/\/www.instagram.com\/germark_labels\/","https:\/\/es.linkedin.com\/company\/germark","https:\/\/www.youtube.com\/c\/germark"]}]}</script>
<!-- / Yoast SEO plugin. -->

Protecció de dades - Germark

GERMARK, S.A. compleix amb les directrius de la Llei Orgànica 15/1999, de 13 de desembre, de Protecció de Dades de Caràcter Personal, el Reial decret 1720/2007, de 21 de desembre, pel qual s&#8217;aprova el Reglament de desenvolupament de la Llei Orgànica i la resta de normativa vigent en cada moment, i vetlla per garantir un...
