{"id":1126,"date":"2025-01-23T12:53:46","date_gmt":"2025-01-23T11:53:46","guid":{"rendered":"https:\/\/www.germark.com\/sistemes\/etiquetadoras-lineales\/"},"modified":"2025-03-20T10:10:28","modified_gmt":"2025-03-20T09:10:28","slug":"etiquetadores-lineals","status":"publish","type":"page","link":"https:\/\/www.germark.com\/ca\/sistemes\/etiquetadores-lineals\/","title":{"rendered":"Etiquetadores lineals"},"content":{"rendered":"\n<p>Les etiquetadores lineals s\u00f3n m\u00e0quines dissenyades per aplicar etiquetes de manera precisa i eficient en productes que es desplacen al llarg d\u2019una l\u00ednia de producci\u00f3. S\u00f3n ideals per a sectors que requereixen un etiquetatge r\u00e0pid i continu.<\/p>\n\n\n\n<p>A Germark, les nostres etiquetadores lineals poden integrar-se directament en una l\u00ednia de producci\u00f3, per\u00f2 tamb\u00e9 poden funcionar de manera autosuficient amb la incorporaci\u00f3 de pulmons a l\u2019inici i al final de la m\u00e0quina. Aquests pulmons s\u2019encarreguen d\u2019apilar els productes a l\u2019inici i recollir-los o amuntegar-los al final del proc\u00e9s, optimitzant el flux de treball.<\/p>\n\n\n\n<p>A m\u00e9s, comptem amb models autom\u00e0tics i semiautom\u00e0tics, permetent-nos adaptar-nos a les necessitats espec\u00edfiques de cada client i garantint flexibilitat i efici\u00e8ncia en l\u2019etiquetatge.<\/p>\n","protected":false},"excerpt":{"rendered":"<p>Les etiquetadores lineals s\u00f3n m\u00e0quines dissenyades per aplicar etiquetes de manera precisa i eficient en productes que es desplacen al llarg d\u2019una l\u00ednia de producci\u00f3. S\u00f3n ideals per a sectors que requereixen un etiquetatge r\u00e0pid i continu. A Germark, les nostres etiquetadores lineals poden integrar-se directament en una l\u00ednia de producci\u00f3, per\u00f2 tamb\u00e9 poden funcionar&#8230;<\/p>\n","protected":false},"author":3,"featured_media":1348,"parent":1016,"menu_order":0,"comment_status":"closed","ping_status":"closed","template":"pages\/page-sistema.php","meta":{"_acf_changed":false,"inline_featured_image":false,"footnotes":""},"class_list":["post-1126","page","type-page","status-publish","has-post-thumbnail","hentry"],"acf":[],"yoast_head":"<!-- This site is optimized with the Yoast SEO plugin v27.5 - https:\/\/yoast.com\/product\/yoast-seo-wordpress\/ -->\n<title>Etiquetadores lineals - Germark<\/title>\n<meta name=\"robots\" content=\"index, follow, max-snippet:-1, max-image-preview:large, max-video-preview:-1\" \/>\n<link rel=\"canonical\" href=\"https:\/\/www.germark.com\/ca\/sistemes\/etiquetadores-lineals\/\" \/>\n<meta property=\"og:locale\" content=\"ca_ES\" \/>\n<meta property=\"og:type\" content=\"article\" \/>\n<meta property=\"og:title\" content=\"Etiquetadores lineals - Germark\" \/>\n<meta property=\"og:description\" content=\"Les etiquetadores lineals s\u00f3n m\u00e0quines dissenyades per aplicar etiquetes de manera precisa i eficient en productes que es desplacen al llarg d\u2019una l\u00ednia de producci\u00f3. S\u00f3n ideals per a sectors que requereixen un etiquetatge r\u00e0pid i continu. A Germark, les nostres etiquetadores lineals poden integrar-se directament en una l\u00ednia de producci\u00f3, per\u00f2 tamb\u00e9 poden funcionar...\" \/>\n<meta property=\"og:url\" content=\"https:\/\/www.germark.com\/ca\/sistemes\/etiquetadores-lineals\/\" \/>\n<meta property=\"og:site_name\" content=\"Germark\" \/>\n<meta property=\"article:modified_time\" content=\"2025-03-20T09:10:28+00:00\" \/>\n<meta property=\"og:image\" content=\"https:\/\/www.germark.com\/wp-content\/uploads\/2025\/01\/4.png\" \/>\n\t<meta property=\"og:image:width\" content=\"1600\" \/>\n\t<meta property=\"og:image:height\" content=\"900\" \/>\n\t<meta property=\"og:image:type\" content=\"image\/png\" \/>\n<meta name=\"twitter:card\" content=\"summary_large_image\" \/>\n<meta name=\"twitter:label1\" content=\"Temps estimat de lectura\" \/>\n\t<meta name=\"twitter:data1\" content=\"1 minut\" \/>\n<script type=\"application\/ld+json\" class=\"yoast-schema-graph\">{\"@context\":\"https:\\\/\\\/schema.org\",\"@graph\":[{\"@type\":\"WebPage\",\"@id\":\"https:\\\/\\\/www.germark.com\\\/ca\\\/sistemes\\\/etiquetadores-lineals\\\/\",\"url\":\"https:\\\/\\\/www.germark.com\\\/ca\\\/sistemes\\\/etiquetadores-lineals\\\/\",\"name\":\"Etiquetadores lineals - Germark\",\"isPartOf\":{\"@id\":\"https:\\\/\\\/www.germark.com\\\/ca\\\/#website\"},\"primaryImageOfPage\":{\"@id\":\"https:\\\/\\\/www.germark.com\\\/ca\\\/sistemes\\\/etiquetadores-lineals\\\/#primaryimage\"},\"image\":{\"@id\":\"https:\\\/\\\/www.germark.com\\\/ca\\\/sistemes\\\/etiquetadores-lineals\\\/#primaryimage\"},\"thumbnailUrl\":\"https:\\\/\\\/www.germark.com\\\/wp-content\\\/uploads\\\/2025\\\/01\\\/4.png\",\"datePublished\":\"2025-01-23T11:53:46+00:00\",\"dateModified\":\"2025-03-20T09:10:28+00:00\",\"breadcrumb\":{\"@id\":\"https:\\\/\\\/www.germark.com\\\/ca\\\/sistemes\\\/etiquetadores-lineals\\\/#breadcrumb\"},\"inLanguage\":\"ca\",\"potentialAction\":[{\"@type\":\"ReadAction\",\"target\":[\"https:\\\/\\\/www.germark.com\\\/ca\\\/sistemes\\\/etiquetadores-lineals\\\/\"]}]},{\"@type\":\"ImageObject\",\"inLanguage\":\"ca\",\"@id\":\"https:\\\/\\\/www.germark.com\\\/ca\\\/sistemes\\\/etiquetadores-lineals\\\/#primaryimage\",\"url\":\"https:\\\/\\\/www.germark.com\\\/wp-content\\\/uploads\\\/2025\\\/01\\\/4.png\",\"contentUrl\":\"https:\\\/\\\/www.germark.com\\\/wp-content\\\/uploads\\\/2025\\\/01\\\/4.png\",\"width\":1600,\"height\":900},{\"@type\":\"BreadcrumbList\",\"@id\":\"https:\\\/\\\/www.germark.com\\\/ca\\\/sistemes\\\/etiquetadores-lineals\\\/#breadcrumb\",\"itemListElement\":[{\"@type\":\"ListItem\",\"position\":1,\"name\":\"Portada\",\"item\":\"https:\\\/\\\/www.germark.com\\\/ca\\\/\"},{\"@type\":\"ListItem\",\"position\":2,\"name\":\"Sistemes\",\"item\":\"https:\\\/\\\/www.germark.com\\\/ca\\\/sistemes\\\/\"},{\"@type\":\"ListItem\",\"position\":3,\"name\":\"Etiquetadores lineals\"}]},{\"@type\":\"WebSite\",\"@id\":\"https:\\\/\\\/www.germark.com\\\/ca\\\/#website\",\"url\":\"https:\\\/\\\/www.germark.com\\\/ca\\\/\",\"name\":\"Germark\",\"description\":\"The art of labeling\",\"publisher\":{\"@id\":\"https:\\\/\\\/www.germark.com\\\/ca\\\/#organization\"},\"potentialAction\":[{\"@type\":\"SearchAction\",\"target\":{\"@type\":\"EntryPoint\",\"urlTemplate\":\"https:\\\/\\\/www.germark.com\\\/ca\\\/?s={search_term_string}\"},\"query-input\":{\"@type\":\"PropertyValueSpecification\",\"valueRequired\":true,\"valueName\":\"search_term_string\"}}],\"inLanguage\":\"ca\"},{\"@type\":\"Organization\",\"@id\":\"https:\\\/\\\/www.germark.com\\\/ca\\\/#organization\",\"name\":\"Germark\",\"url\":\"https:\\\/\\\/www.germark.com\\\/ca\\\/\",\"logo\":{\"@type\":\"ImageObject\",\"inLanguage\":\"ca\",\"@id\":\"https:\\\/\\\/www.germark.com\\\/ca\\\/#\\\/schema\\\/logo\\\/image\\\/\",\"url\":\"https:\\\/\\\/www.germark.com\\\/wp-content\\\/uploads\\\/2025\\\/01\\\/admin-logo.svg\",\"contentUrl\":\"https:\\\/\\\/www.germark.com\\\/wp-content\\\/uploads\\\/2025\\\/01\\\/admin-logo.svg\",\"width\":320,\"height\":84,\"caption\":\"Germark\"},\"image\":{\"@id\":\"https:\\\/\\\/www.germark.com\\\/ca\\\/#\\\/schema\\\/logo\\\/image\\\/\"},\"sameAs\":[\"https:\\\/\\\/www.instagram.com\\\/germark_labels\\\/\",\"https:\\\/\\\/es.linkedin.com\\\/company\\\/germark\",\"https:\\\/\\\/www.youtube.com\\\/c\\\/germark\"]}]}<\/script>\n<!-- \/ Yoast SEO plugin. -->","yoast_head_json":{"title":"Etiquetadores lineals - Germark","robots":{"index":"index","follow":"follow","max-snippet":"max-snippet:-1","max-image-preview":"max-image-preview:large","max-video-preview":"max-video-preview:-1"},"canonical":"https:\/\/www.germark.com\/ca\/sistemes\/etiquetadores-lineals\/","og_locale":"ca_ES","og_type":"article","og_title":"Etiquetadores lineals - Germark","og_description":"Les etiquetadores lineals s\u00f3n m\u00e0quines dissenyades per aplicar etiquetes de manera precisa i eficient en productes que es desplacen al llarg d\u2019una l\u00ednia de producci\u00f3. S\u00f3n ideals per a sectors que requereixen un etiquetatge r\u00e0pid i continu. A Germark, les nostres etiquetadores lineals poden integrar-se directament en una l\u00ednia de producci\u00f3, per\u00f2 tamb\u00e9 poden funcionar...","og_url":"https:\/\/www.germark.com\/ca\/sistemes\/etiquetadores-lineals\/","og_site_name":"Germark","article_modified_time":"2025-03-20T09:10:28+00:00","og_image":[{"width":1600,"height":900,"url":"https:\/\/www.germark.com\/wp-content\/uploads\/2025\/01\/4.png","type":"image\/png"}],"twitter_card":"summary_large_image","twitter_misc":{"Temps estimat de lectura":"1 minut"},"schema":{"@context":"https:\/\/schema.org","@graph":[{"@type":"WebPage","@id":"https:\/\/www.germark.com\/ca\/sistemes\/etiquetadores-lineals\/","url":"https:\/\/www.germark.com\/ca\/sistemes\/etiquetadores-lineals\/","name":"Etiquetadores lineals - Germark","isPartOf":{"@id":"https:\/\/www.germark.com\/ca\/#website"},"primaryImageOfPage":{"@id":"https:\/\/www.germark.com\/ca\/sistemes\/etiquetadores-lineals\/#primaryimage"},"image":{"@id":"https:\/\/www.germark.com\/ca\/sistemes\/etiquetadores-lineals\/#primaryimage"},"thumbnailUrl":"https:\/\/www.germark.com\/wp-content\/uploads\/2025\/01\/4.png","datePublished":"2025-01-23T11:53:46+00:00","dateModified":"2025-03-20T09:10:28+00:00","breadcrumb":{"@id":"https:\/\/www.germark.com\/ca\/sistemes\/etiquetadores-lineals\/#breadcrumb"},"inLanguage":"ca","potentialAction":[{"@type":"ReadAction","target":["https:\/\/www.germark.com\/ca\/sistemes\/etiquetadores-lineals\/"]}]},{"@type":"ImageObject","inLanguage":"ca","@id":"https:\/\/www.germark.com\/ca\/sistemes\/etiquetadores-lineals\/#primaryimage","url":"https:\/\/www.germark.com\/wp-content\/uploads\/2025\/01\/4.png","contentUrl":"https:\/\/www.germark.com\/wp-content\/uploads\/2025\/01\/4.png","width":1600,"height":900},{"@type":"BreadcrumbList","@id":"https:\/\/www.germark.com\/ca\/sistemes\/etiquetadores-lineals\/#breadcrumb","itemListElement":[{"@type":"ListItem","position":1,"name":"Portada","item":"https:\/\/www.germark.com\/ca\/"},{"@type":"ListItem","position":2,"name":"Sistemes","item":"https:\/\/www.germark.com\/ca\/sistemes\/"},{"@type":"ListItem","position":3,"name":"Etiquetadores lineals"}]},{"@type":"WebSite","@id":"https:\/\/www.germark.com\/ca\/#website","url":"https:\/\/www.germark.com\/ca\/","name":"Germark","description":"The art of labeling","publisher":{"@id":"https:\/\/www.germark.com\/ca\/#organization"},"potentialAction":[{"@type":"SearchAction","target":{"@type":"EntryPoint","urlTemplate":"https:\/\/www.germark.com\/ca\/?s={search_term_string}"},"query-input":{"@type":"PropertyValueSpecification","valueRequired":true,"valueName":"search_term_string"}}],"inLanguage":"ca"},{"@type":"Organization","@id":"https:\/\/www.germark.com\/ca\/#organization","name":"Germark","url":"https:\/\/www.germark.com\/ca\/","logo":{"@type":"ImageObject","inLanguage":"ca","@id":"https:\/\/www.germark.com\/ca\/#\/schema\/logo\/image\/","url":"https:\/\/www.germark.com\/wp-content\/uploads\/2025\/01\/admin-logo.svg","contentUrl":"https:\/\/www.germark.com\/wp-content\/uploads\/2025\/01\/admin-logo.svg","width":320,"height":84,"caption":"Germark"},"image":{"@id":"https:\/\/www.germark.com\/ca\/#\/schema\/logo\/image\/"},"sameAs":["https:\/\/www.instagram.com\/germark_labels\/","https:\/\/es.linkedin.com\/company\/germark","https:\/\/www.youtube.com\/c\/germark"]}]}},"_links":{"self":[{"href":"https:\/\/www.germark.com\/ca\/wp-json\/wp\/v2\/pages\/1126","targetHints":{"allow":["GET"]}}],"collection":[{"href":"https:\/\/www.germark.com\/ca\/wp-json\/wp\/v2\/pages"}],"about":[{"href":"https:\/\/www.germark.com\/ca\/wp-json\/wp\/v2\/types\/page"}],"author":[{"embeddable":true,"href":"https:\/\/www.germark.com\/ca\/wp-json\/wp\/v2\/users\/3"}],"replies":[{"embeddable":true,"href":"https:\/\/www.germark.com\/ca\/wp-json\/wp\/v2\/comments?post=1126"}],"version-history":[{"count":1,"href":"https:\/\/www.germark.com\/ca\/wp-json\/wp\/v2\/pages\/1126\/revisions"}],"predecessor-version":[{"id":1128,"href":"https:\/\/www.germark.com\/ca\/wp-json\/wp\/v2\/pages\/1126\/revisions\/1128"}],"up":[{"embeddable":true,"href":"https:\/\/www.germark.com\/ca\/wp-json\/wp\/v2\/pages\/1016"}],"wp:featuredmedia":[{"embeddable":true,"href":"https:\/\/www.germark.com\/ca\/wp-json\/wp\/v2\/media\/1348"}],"wp:attachment":[{"href":"https:\/\/www.germark.com\/ca\/wp-json\/wp\/v2\/media?parent=1126"}],"curies":[{"name":"wp","href":"https:\/\/api.w.org\/{rel}","templated":true}]}}

<p>Les etiquetadores lineals són màquines dissenyades per aplicar etiquetes de manera precisa i eficient en productes que es desplacen al llarg d’una línia de producció. Són ideals per a sectors que requereixen un etiquetatge ràpid i continu.</p>



<p>A Germark, les nostres etiquetadores lineals poden integrar-se directament en una línia de producció, però també poden funcionar de manera autosuficient amb la incorporació de pulmons a l’inici i al final de la màquina. Aquests pulmons s’encarreguen d’apilar els productes a l’inici i recollir-los o amuntegar-los al final del procés, optimitzant el flux de treball.</p>



<p>A més, comptem amb models automàtics i semiautomàtics, permetent-nos adaptar-nos a les necessitats específiques de cada client i garantint flexibilitat i eficiència en l’etiquetatge.</p>

<p>Les etiquetadores lineals són màquines dissenyades per aplicar etiquetes de manera precisa i eficient en productes que es desplacen al llarg d’una línia de producció. Són ideals per a sectors que requereixen un etiquetatge ràpid i continu. A Germark, les nostres etiquetadores lineals poden integrar-se directament en una línia de producció, però també poden funcionar&#8230;</p>

<!-- This site is optimized with the Yoast SEO plugin v27.5 - https://yoast.com/product/yoast-seo-wordpress/ -->
<title>Etiquetadores lineals - Germark</title>
<meta name="robots" content="index, follow, max-snippet:-1, max-image-preview:large, max-video-preview:-1" />
<link rel="canonical" href="https://www.germark.com/ca/sistemes/etiquetadores-lineals/" />
<meta property="og:locale" content="ca_ES" />
<meta property="og:type" content="article" />
<meta property="og:title" content="Etiquetadores lineals - Germark" />
<meta property="og:description" content="Les etiquetadores lineals són màquines dissenyades per aplicar etiquetes de manera precisa i eficient en productes que es desplacen al llarg d’una línia de producció. Són ideals per a sectors que requereixen un etiquetatge ràpid i continu. A Germark, les nostres etiquetadores lineals poden integrar-se directament en una línia de producció, però també poden funcionar..." />
<meta property="og:url" content="https://www.germark.com/ca/sistemes/etiquetadores-lineals/" />
<meta property="og:site_name" content="Germark" />
<meta property="article:modified_time" content="2025-03-20T09:10:28+00:00" />
<meta property="og:image" content="https://www.germark.com/wp-content/uploads/2025/01/4.png" />
	<meta property="og:image:width" content="1600" />
	<meta property="og:image:height" content="900" />
	<meta property="og:image:type" content="image/png" />
<meta name="twitter:card" content="summary_large_image" />
<meta name="twitter:label1" content="Temps estimat de lectura" />
	<meta name="twitter:data1" content="1 minut" />
<script type="application/ld+json" class="yoast-schema-graph">{"@context":"https:\/\/schema.org","@graph":[{"@type":"WebPage","@id":"https:\/\/www.germark.com\/ca\/sistemes\/etiquetadores-lineals\/","url":"https:\/\/www.germark.com\/ca\/sistemes\/etiquetadores-lineals\/","name":"Etiquetadores lineals - Germark","isPartOf":{"@id":"https:\/\/www.germark.com\/ca\/#website"},"primaryImageOfPage":{"@id":"https:\/\/www.germark.com\/ca\/sistemes\/etiquetadores-lineals\/#primaryimage"},"image":{"@id":"https:\/\/www.germark.com\/ca\/sistemes\/etiquetadores-lineals\/#primaryimage"},"thumbnailUrl":"https:\/\/www.germark.com\/wp-content\/uploads\/2025\/01\/4.png","datePublished":"2025-01-23T11:53:46+00:00","dateModified":"2025-03-20T09:10:28+00:00","breadcrumb":{"@id":"https:\/\/www.germark.com\/ca\/sistemes\/etiquetadores-lineals\/#breadcrumb"},"inLanguage":"ca","potentialAction":[{"@type":"ReadAction","target":["https:\/\/www.germark.com\/ca\/sistemes\/etiquetadores-lineals\/"]}]},{"@type":"ImageObject","inLanguage":"ca","@id":"https:\/\/www.germark.com\/ca\/sistemes\/etiquetadores-lineals\/#primaryimage","url":"https:\/\/www.germark.com\/wp-content\/uploads\/2025\/01\/4.png","contentUrl":"https:\/\/www.germark.com\/wp-content\/uploads\/2025\/01\/4.png","width":1600,"height":900},{"@type":"BreadcrumbList","@id":"https:\/\/www.germark.com\/ca\/sistemes\/etiquetadores-lineals\/#breadcrumb","itemListElement":[{"@type":"ListItem","position":1,"name":"Portada","item":"https:\/\/www.germark.com\/ca\/"},{"@type":"ListItem","position":2,"name":"Sistemes","item":"https:\/\/www.germark.com\/ca\/sistemes\/"},{"@type":"ListItem","position":3,"name":"Etiquetadores lineals"}]},{"@type":"WebSite","@id":"https:\/\/www.germark.com\/ca\/#website","url":"https:\/\/www.germark.com\/ca\/","name":"Germark","description":"The art of labeling","publisher":{"@id":"https:\/\/www.germark.com\/ca\/#organization"},"potentialAction":[{"@type":"SearchAction","target":{"@type":"EntryPoint","urlTemplate":"https:\/\/www.germark.com\/ca\/?s={search_term_string}"},"query-input":{"@type":"PropertyValueSpecification","valueRequired":true,"valueName":"search_term_string"}}],"inLanguage":"ca"},{"@type":"Organization","@id":"https:\/\/www.germark.com\/ca\/#organization","name":"Germark","url":"https:\/\/www.germark.com\/ca\/","logo":{"@type":"ImageObject","inLanguage":"ca","@id":"https:\/\/www.germark.com\/ca\/#\/schema\/logo\/image\/","url":"https:\/\/www.germark.com\/wp-content\/uploads\/2025\/01\/admin-logo.svg","contentUrl":"https:\/\/www.germark.com\/wp-content\/uploads\/2025\/01\/admin-logo.svg","width":320,"height":84,"caption":"Germark"},"image":{"@id":"https:\/\/www.germark.com\/ca\/#\/schema\/logo\/image\/"},"sameAs":["https:\/\/www.instagram.com\/germark_labels\/","https:\/\/es.linkedin.com\/company\/germark","https:\/\/www.youtube.com\/c\/germark"]}]}</script>
<!-- / Yoast SEO plugin. -->

Les etiquetadores lineals són màquines dissenyades per aplicar etiquetes de manera precisa i eficient en productes que es desplacen al llarg d’una línia de producció. Són ideals per a sectors que requereixen un etiquetatge ràpid i continu. A Germark, les nostres etiquetadores lineals poden integrar-se directament en una línia de producció, però també poden funcionar...
