{"id":1121,"date":"2025-01-27T18:32:58","date_gmt":"2025-01-27T17:32:58","guid":{"rendered":"https:\/\/www.germark.com\/sistemes\/etiquetadoras-de-palets\/"},"modified":"2025-03-20T10:08:28","modified_gmt":"2025-03-20T09:08:28","slug":"etiquetadores-de-palets","status":"publish","type":"page","link":"https:\/\/www.germark.com\/ca\/sistemes\/etiquetadores-de-palets\/","title":{"rendered":"Etiquetadores de palets"},"content":{"rendered":"\n<p>Les etiquetadores de palets s\u00f3n equips dissenyats per aplicar etiquetes d&#8217;identificaci\u00f3 i tra\u00e7abilitat en palets de manera precisa i segura. Aquestes m\u00e0quines estan preparades per treballar en entorns industrials i garantir que cada unitat quedi correctament etiquetada per al seu emmagatzematge o distribuci\u00f3.<\/p>\n\n\n\n<p>A Germark, les nostres etiquetadores de palets s\u00f3n capaces de realitzar etiquetats en m\u00faltiples cares, adaptant-se a les necessitats log\u00edstiques de cada client. Aquest sistema permet que la informaci\u00f3 del palet sigui llegible des de diferents angles, optimitzant la seva gesti\u00f3 dins de la cadena de subministrament.<\/p>\n\n\n\n<p>Si busques una soluci\u00f3 eficient i fiable per a l&#8217;etiquetat de palets, les nostres m\u00e0quines ofereixen precisi\u00f3, flexibilitat i compatibilitat amb els est\u00e0ndards del sector.<\/p>\n","protected":false},"excerpt":{"rendered":"<p>Les etiquetadores de palets s\u00f3n equips dissenyats per aplicar etiquetes d&#8217;identificaci\u00f3 i tra\u00e7abilitat en palets de manera precisa i segura. Aquestes m\u00e0quines estan preparades per treballar en entorns industrials i garantir que cada unitat quedi correctament etiquetada per al seu emmagatzematge o distribuci\u00f3. A Germark, les nostres etiquetadores de palets s\u00f3n capaces de realitzar etiquetats&#8230;<\/p>\n","protected":false},"author":3,"featured_media":1456,"parent":1016,"menu_order":0,"comment_status":"closed","ping_status":"closed","template":"pages\/page-sistema.php","meta":{"_acf_changed":false,"inline_featured_image":false,"footnotes":""},"class_list":["post-1121","page","type-page","status-publish","has-post-thumbnail","hentry"],"acf":[],"yoast_head":"<!-- This site is optimized with the Yoast SEO plugin v27.5 - https:\/\/yoast.com\/product\/yoast-seo-wordpress\/ -->\n<title>Etiquetadores de palets - Germark<\/title>\n<meta name=\"robots\" content=\"index, follow, max-snippet:-1, max-image-preview:large, max-video-preview:-1\" \/>\n<link rel=\"canonical\" href=\"https:\/\/www.germark.com\/ca\/sistemes\/etiquetadores-de-palets\/\" \/>\n<meta property=\"og:locale\" content=\"ca_ES\" \/>\n<meta property=\"og:type\" content=\"article\" \/>\n<meta property=\"og:title\" content=\"Etiquetadores de palets - Germark\" \/>\n<meta property=\"og:description\" content=\"Les etiquetadores de palets s\u00f3n equips dissenyats per aplicar etiquetes d&#8217;identificaci\u00f3 i tra\u00e7abilitat en palets de manera precisa i segura. Aquestes m\u00e0quines estan preparades per treballar en entorns industrials i garantir que cada unitat quedi correctament etiquetada per al seu emmagatzematge o distribuci\u00f3. A Germark, les nostres etiquetadores de palets s\u00f3n capaces de realitzar etiquetats...\" \/>\n<meta property=\"og:url\" content=\"https:\/\/www.germark.com\/ca\/sistemes\/etiquetadores-de-palets\/\" \/>\n<meta property=\"og:site_name\" content=\"Germark\" \/>\n<meta property=\"article:modified_time\" content=\"2025-03-20T09:08:28+00:00\" \/>\n<meta property=\"og:image\" content=\"https:\/\/www.germark.com\/wp-content\/uploads\/2025\/01\/2-7.png\" \/>\n\t<meta property=\"og:image:width\" content=\"1600\" \/>\n\t<meta property=\"og:image:height\" content=\"900\" \/>\n\t<meta property=\"og:image:type\" content=\"image\/png\" \/>\n<meta name=\"twitter:card\" content=\"summary_large_image\" \/>\n<meta name=\"twitter:label1\" content=\"Temps estimat de lectura\" \/>\n\t<meta name=\"twitter:data1\" content=\"1 minut\" \/>\n<script type=\"application\/ld+json\" class=\"yoast-schema-graph\">{\"@context\":\"https:\\\/\\\/schema.org\",\"@graph\":[{\"@type\":\"WebPage\",\"@id\":\"https:\\\/\\\/www.germark.com\\\/ca\\\/sistemes\\\/etiquetadores-de-palets\\\/\",\"url\":\"https:\\\/\\\/www.germark.com\\\/ca\\\/sistemes\\\/etiquetadores-de-palets\\\/\",\"name\":\"Etiquetadores de palets - Germark\",\"isPartOf\":{\"@id\":\"https:\\\/\\\/www.germark.com\\\/ca\\\/#website\"},\"primaryImageOfPage\":{\"@id\":\"https:\\\/\\\/www.germark.com\\\/ca\\\/sistemes\\\/etiquetadores-de-palets\\\/#primaryimage\"},\"image\":{\"@id\":\"https:\\\/\\\/www.germark.com\\\/ca\\\/sistemes\\\/etiquetadores-de-palets\\\/#primaryimage\"},\"thumbnailUrl\":\"https:\\\/\\\/www.germark.com\\\/wp-content\\\/uploads\\\/2025\\\/01\\\/2-7.png\",\"datePublished\":\"2025-01-27T17:32:58+00:00\",\"dateModified\":\"2025-03-20T09:08:28+00:00\",\"breadcrumb\":{\"@id\":\"https:\\\/\\\/www.germark.com\\\/ca\\\/sistemes\\\/etiquetadores-de-palets\\\/#breadcrumb\"},\"inLanguage\":\"ca\",\"potentialAction\":[{\"@type\":\"ReadAction\",\"target\":[\"https:\\\/\\\/www.germark.com\\\/ca\\\/sistemes\\\/etiquetadores-de-palets\\\/\"]}]},{\"@type\":\"ImageObject\",\"inLanguage\":\"ca\",\"@id\":\"https:\\\/\\\/www.germark.com\\\/ca\\\/sistemes\\\/etiquetadores-de-palets\\\/#primaryimage\",\"url\":\"https:\\\/\\\/www.germark.com\\\/wp-content\\\/uploads\\\/2025\\\/01\\\/2-7.png\",\"contentUrl\":\"https:\\\/\\\/www.germark.com\\\/wp-content\\\/uploads\\\/2025\\\/01\\\/2-7.png\",\"width\":1600,\"height\":900},{\"@type\":\"BreadcrumbList\",\"@id\":\"https:\\\/\\\/www.germark.com\\\/ca\\\/sistemes\\\/etiquetadores-de-palets\\\/#breadcrumb\",\"itemListElement\":[{\"@type\":\"ListItem\",\"position\":1,\"name\":\"Portada\",\"item\":\"https:\\\/\\\/www.germark.com\\\/ca\\\/\"},{\"@type\":\"ListItem\",\"position\":2,\"name\":\"Sistemes\",\"item\":\"https:\\\/\\\/www.germark.com\\\/ca\\\/sistemes\\\/\"},{\"@type\":\"ListItem\",\"position\":3,\"name\":\"Etiquetadores de palets\"}]},{\"@type\":\"WebSite\",\"@id\":\"https:\\\/\\\/www.germark.com\\\/ca\\\/#website\",\"url\":\"https:\\\/\\\/www.germark.com\\\/ca\\\/\",\"name\":\"Germark\",\"description\":\"The art of labeling\",\"publisher\":{\"@id\":\"https:\\\/\\\/www.germark.com\\\/ca\\\/#organization\"},\"potentialAction\":[{\"@type\":\"SearchAction\",\"target\":{\"@type\":\"EntryPoint\",\"urlTemplate\":\"https:\\\/\\\/www.germark.com\\\/ca\\\/?s={search_term_string}\"},\"query-input\":{\"@type\":\"PropertyValueSpecification\",\"valueRequired\":true,\"valueName\":\"search_term_string\"}}],\"inLanguage\":\"ca\"},{\"@type\":\"Organization\",\"@id\":\"https:\\\/\\\/www.germark.com\\\/ca\\\/#organization\",\"name\":\"Germark\",\"url\":\"https:\\\/\\\/www.germark.com\\\/ca\\\/\",\"logo\":{\"@type\":\"ImageObject\",\"inLanguage\":\"ca\",\"@id\":\"https:\\\/\\\/www.germark.com\\\/ca\\\/#\\\/schema\\\/logo\\\/image\\\/\",\"url\":\"https:\\\/\\\/www.germark.com\\\/wp-content\\\/uploads\\\/2025\\\/01\\\/admin-logo.svg\",\"contentUrl\":\"https:\\\/\\\/www.germark.com\\\/wp-content\\\/uploads\\\/2025\\\/01\\\/admin-logo.svg\",\"width\":320,\"height\":84,\"caption\":\"Germark\"},\"image\":{\"@id\":\"https:\\\/\\\/www.germark.com\\\/ca\\\/#\\\/schema\\\/logo\\\/image\\\/\"},\"sameAs\":[\"https:\\\/\\\/www.instagram.com\\\/germark_labels\\\/\",\"https:\\\/\\\/es.linkedin.com\\\/company\\\/germark\",\"https:\\\/\\\/www.youtube.com\\\/c\\\/germark\"]}]}<\/script>\n<!-- \/ Yoast SEO plugin. -->","yoast_head_json":{"title":"Etiquetadores de palets - Germark","robots":{"index":"index","follow":"follow","max-snippet":"max-snippet:-1","max-image-preview":"max-image-preview:large","max-video-preview":"max-video-preview:-1"},"canonical":"https:\/\/www.germark.com\/ca\/sistemes\/etiquetadores-de-palets\/","og_locale":"ca_ES","og_type":"article","og_title":"Etiquetadores de palets - Germark","og_description":"Les etiquetadores de palets s\u00f3n equips dissenyats per aplicar etiquetes d&#8217;identificaci\u00f3 i tra\u00e7abilitat en palets de manera precisa i segura. Aquestes m\u00e0quines estan preparades per treballar en entorns industrials i garantir que cada unitat quedi correctament etiquetada per al seu emmagatzematge o distribuci\u00f3. A Germark, les nostres etiquetadores de palets s\u00f3n capaces de realitzar etiquetats...","og_url":"https:\/\/www.germark.com\/ca\/sistemes\/etiquetadores-de-palets\/","og_site_name":"Germark","article_modified_time":"2025-03-20T09:08:28+00:00","og_image":[{"width":1600,"height":900,"url":"https:\/\/www.germark.com\/wp-content\/uploads\/2025\/01\/2-7.png","type":"image\/png"}],"twitter_card":"summary_large_image","twitter_misc":{"Temps estimat de lectura":"1 minut"},"schema":{"@context":"https:\/\/schema.org","@graph":[{"@type":"WebPage","@id":"https:\/\/www.germark.com\/ca\/sistemes\/etiquetadores-de-palets\/","url":"https:\/\/www.germark.com\/ca\/sistemes\/etiquetadores-de-palets\/","name":"Etiquetadores de palets - Germark","isPartOf":{"@id":"https:\/\/www.germark.com\/ca\/#website"},"primaryImageOfPage":{"@id":"https:\/\/www.germark.com\/ca\/sistemes\/etiquetadores-de-palets\/#primaryimage"},"image":{"@id":"https:\/\/www.germark.com\/ca\/sistemes\/etiquetadores-de-palets\/#primaryimage"},"thumbnailUrl":"https:\/\/www.germark.com\/wp-content\/uploads\/2025\/01\/2-7.png","datePublished":"2025-01-27T17:32:58+00:00","dateModified":"2025-03-20T09:08:28+00:00","breadcrumb":{"@id":"https:\/\/www.germark.com\/ca\/sistemes\/etiquetadores-de-palets\/#breadcrumb"},"inLanguage":"ca","potentialAction":[{"@type":"ReadAction","target":["https:\/\/www.germark.com\/ca\/sistemes\/etiquetadores-de-palets\/"]}]},{"@type":"ImageObject","inLanguage":"ca","@id":"https:\/\/www.germark.com\/ca\/sistemes\/etiquetadores-de-palets\/#primaryimage","url":"https:\/\/www.germark.com\/wp-content\/uploads\/2025\/01\/2-7.png","contentUrl":"https:\/\/www.germark.com\/wp-content\/uploads\/2025\/01\/2-7.png","width":1600,"height":900},{"@type":"BreadcrumbList","@id":"https:\/\/www.germark.com\/ca\/sistemes\/etiquetadores-de-palets\/#breadcrumb","itemListElement":[{"@type":"ListItem","position":1,"name":"Portada","item":"https:\/\/www.germark.com\/ca\/"},{"@type":"ListItem","position":2,"name":"Sistemes","item":"https:\/\/www.germark.com\/ca\/sistemes\/"},{"@type":"ListItem","position":3,"name":"Etiquetadores de palets"}]},{"@type":"WebSite","@id":"https:\/\/www.germark.com\/ca\/#website","url":"https:\/\/www.germark.com\/ca\/","name":"Germark","description":"The art of labeling","publisher":{"@id":"https:\/\/www.germark.com\/ca\/#organization"},"potentialAction":[{"@type":"SearchAction","target":{"@type":"EntryPoint","urlTemplate":"https:\/\/www.germark.com\/ca\/?s={search_term_string}"},"query-input":{"@type":"PropertyValueSpecification","valueRequired":true,"valueName":"search_term_string"}}],"inLanguage":"ca"},{"@type":"Organization","@id":"https:\/\/www.germark.com\/ca\/#organization","name":"Germark","url":"https:\/\/www.germark.com\/ca\/","logo":{"@type":"ImageObject","inLanguage":"ca","@id":"https:\/\/www.germark.com\/ca\/#\/schema\/logo\/image\/","url":"https:\/\/www.germark.com\/wp-content\/uploads\/2025\/01\/admin-logo.svg","contentUrl":"https:\/\/www.germark.com\/wp-content\/uploads\/2025\/01\/admin-logo.svg","width":320,"height":84,"caption":"Germark"},"image":{"@id":"https:\/\/www.germark.com\/ca\/#\/schema\/logo\/image\/"},"sameAs":["https:\/\/www.instagram.com\/germark_labels\/","https:\/\/es.linkedin.com\/company\/germark","https:\/\/www.youtube.com\/c\/germark"]}]}},"_links":{"self":[{"href":"https:\/\/www.germark.com\/ca\/wp-json\/wp\/v2\/pages\/1121","targetHints":{"allow":["GET"]}}],"collection":[{"href":"https:\/\/www.germark.com\/ca\/wp-json\/wp\/v2\/pages"}],"about":[{"href":"https:\/\/www.germark.com\/ca\/wp-json\/wp\/v2\/types\/page"}],"author":[{"embeddable":true,"href":"https:\/\/www.germark.com\/ca\/wp-json\/wp\/v2\/users\/3"}],"replies":[{"embeddable":true,"href":"https:\/\/www.germark.com\/ca\/wp-json\/wp\/v2\/comments?post=1121"}],"version-history":[{"count":1,"href":"https:\/\/www.germark.com\/ca\/wp-json\/wp\/v2\/pages\/1121\/revisions"}],"predecessor-version":[{"id":1123,"href":"https:\/\/www.germark.com\/ca\/wp-json\/wp\/v2\/pages\/1121\/revisions\/1123"}],"up":[{"embeddable":true,"href":"https:\/\/www.germark.com\/ca\/wp-json\/wp\/v2\/pages\/1016"}],"wp:featuredmedia":[{"embeddable":true,"href":"https:\/\/www.germark.com\/ca\/wp-json\/wp\/v2\/media\/1456"}],"wp:attachment":[{"href":"https:\/\/www.germark.com\/ca\/wp-json\/wp\/v2\/media?parent=1121"}],"curies":[{"name":"wp","href":"https:\/\/api.w.org\/{rel}","templated":true}]}}

<p>Les etiquetadores de palets són equips dissenyats per aplicar etiquetes d&#8217;identificació i traçabilitat en palets de manera precisa i segura. Aquestes màquines estan preparades per treballar en entorns industrials i garantir que cada unitat quedi correctament etiquetada per al seu emmagatzematge o distribució.</p>



<p>A Germark, les nostres etiquetadores de palets són capaces de realitzar etiquetats en múltiples cares, adaptant-se a les necessitats logístiques de cada client. Aquest sistema permet que la informació del palet sigui llegible des de diferents angles, optimitzant la seva gestió dins de la cadena de subministrament.</p>



<p>Si busques una solució eficient i fiable per a l&#8217;etiquetat de palets, les nostres màquines ofereixen precisió, flexibilitat i compatibilitat amb els estàndards del sector.</p>

<p>Les etiquetadores de palets són equips dissenyats per aplicar etiquetes d&#8217;identificació i traçabilitat en palets de manera precisa i segura. Aquestes màquines estan preparades per treballar en entorns industrials i garantir que cada unitat quedi correctament etiquetada per al seu emmagatzematge o distribució. A Germark, les nostres etiquetadores de palets són capaces de realitzar etiquetats&#8230;</p>

<!-- This site is optimized with the Yoast SEO plugin v27.5 - https://yoast.com/product/yoast-seo-wordpress/ -->
<title>Etiquetadores de palets - Germark</title>
<meta name="robots" content="index, follow, max-snippet:-1, max-image-preview:large, max-video-preview:-1" />
<link rel="canonical" href="https://www.germark.com/ca/sistemes/etiquetadores-de-palets/" />
<meta property="og:locale" content="ca_ES" />
<meta property="og:type" content="article" />
<meta property="og:title" content="Etiquetadores de palets - Germark" />
<meta property="og:description" content="Les etiquetadores de palets són equips dissenyats per aplicar etiquetes d&#8217;identificació i traçabilitat en palets de manera precisa i segura. Aquestes màquines estan preparades per treballar en entorns industrials i garantir que cada unitat quedi correctament etiquetada per al seu emmagatzematge o distribució. A Germark, les nostres etiquetadores de palets són capaces de realitzar etiquetats..." />
<meta property="og:url" content="https://www.germark.com/ca/sistemes/etiquetadores-de-palets/" />
<meta property="og:site_name" content="Germark" />
<meta property="article:modified_time" content="2025-03-20T09:08:28+00:00" />
<meta property="og:image" content="https://www.germark.com/wp-content/uploads/2025/01/2-7.png" />
	<meta property="og:image:width" content="1600" />
	<meta property="og:image:height" content="900" />
	<meta property="og:image:type" content="image/png" />
<meta name="twitter:card" content="summary_large_image" />
<meta name="twitter:label1" content="Temps estimat de lectura" />
	<meta name="twitter:data1" content="1 minut" />
<script type="application/ld+json" class="yoast-schema-graph">{"@context":"https:\/\/schema.org","@graph":[{"@type":"WebPage","@id":"https:\/\/www.germark.com\/ca\/sistemes\/etiquetadores-de-palets\/","url":"https:\/\/www.germark.com\/ca\/sistemes\/etiquetadores-de-palets\/","name":"Etiquetadores de palets - Germark","isPartOf":{"@id":"https:\/\/www.germark.com\/ca\/#website"},"primaryImageOfPage":{"@id":"https:\/\/www.germark.com\/ca\/sistemes\/etiquetadores-de-palets\/#primaryimage"},"image":{"@id":"https:\/\/www.germark.com\/ca\/sistemes\/etiquetadores-de-palets\/#primaryimage"},"thumbnailUrl":"https:\/\/www.germark.com\/wp-content\/uploads\/2025\/01\/2-7.png","datePublished":"2025-01-27T17:32:58+00:00","dateModified":"2025-03-20T09:08:28+00:00","breadcrumb":{"@id":"https:\/\/www.germark.com\/ca\/sistemes\/etiquetadores-de-palets\/#breadcrumb"},"inLanguage":"ca","potentialAction":[{"@type":"ReadAction","target":["https:\/\/www.germark.com\/ca\/sistemes\/etiquetadores-de-palets\/"]}]},{"@type":"ImageObject","inLanguage":"ca","@id":"https:\/\/www.germark.com\/ca\/sistemes\/etiquetadores-de-palets\/#primaryimage","url":"https:\/\/www.germark.com\/wp-content\/uploads\/2025\/01\/2-7.png","contentUrl":"https:\/\/www.germark.com\/wp-content\/uploads\/2025\/01\/2-7.png","width":1600,"height":900},{"@type":"BreadcrumbList","@id":"https:\/\/www.germark.com\/ca\/sistemes\/etiquetadores-de-palets\/#breadcrumb","itemListElement":[{"@type":"ListItem","position":1,"name":"Portada","item":"https:\/\/www.germark.com\/ca\/"},{"@type":"ListItem","position":2,"name":"Sistemes","item":"https:\/\/www.germark.com\/ca\/sistemes\/"},{"@type":"ListItem","position":3,"name":"Etiquetadores de palets"}]},{"@type":"WebSite","@id":"https:\/\/www.germark.com\/ca\/#website","url":"https:\/\/www.germark.com\/ca\/","name":"Germark","description":"The art of labeling","publisher":{"@id":"https:\/\/www.germark.com\/ca\/#organization"},"potentialAction":[{"@type":"SearchAction","target":{"@type":"EntryPoint","urlTemplate":"https:\/\/www.germark.com\/ca\/?s={search_term_string}"},"query-input":{"@type":"PropertyValueSpecification","valueRequired":true,"valueName":"search_term_string"}}],"inLanguage":"ca"},{"@type":"Organization","@id":"https:\/\/www.germark.com\/ca\/#organization","name":"Germark","url":"https:\/\/www.germark.com\/ca\/","logo":{"@type":"ImageObject","inLanguage":"ca","@id":"https:\/\/www.germark.com\/ca\/#\/schema\/logo\/image\/","url":"https:\/\/www.germark.com\/wp-content\/uploads\/2025\/01\/admin-logo.svg","contentUrl":"https:\/\/www.germark.com\/wp-content\/uploads\/2025\/01\/admin-logo.svg","width":320,"height":84,"caption":"Germark"},"image":{"@id":"https:\/\/www.germark.com\/ca\/#\/schema\/logo\/image\/"},"sameAs":["https:\/\/www.instagram.com\/germark_labels\/","https:\/\/es.linkedin.com\/company\/germark","https:\/\/www.youtube.com\/c\/germark"]}]}</script>
<!-- / Yoast SEO plugin. -->

Les etiquetadores de palets són equips dissenyats per aplicar etiquetes d&#8217;identificació i traçabilitat en palets de manera precisa i segura. Aquestes màquines estan preparades per treballar en entorns industrials i garantir que cada unitat quedi correctament etiquetada per al seu emmagatzematge o distribució. A Germark, les nostres etiquetadores de palets són capaces de realitzar etiquetats...
